-7 - (-2 + -9)) + (1 - -1)?
6
-14 + 4 + (2 - (7 + -8))
-7
Evaluate (10 - 11 - 2) + (10 - 1).
6
What is the value of (0 - 4) + 1 - -3 - -4?
4
Evaluate (-1 - 0) + -2 + 7 - 3.
1
What is (1 - 3 - -10) + -4?
4
What is -2 + (-6 - 1 - 0)?
-9
What is -6 + (1 - (1 + -4)) + 8?
6
What is the value of 1 + 0 + -3 + 7?
5
What is -3 + 10 + (-6 - -1) - 0?
2
Calculate (-19 - -19) + (1 - 1).
0
Evaluate 10 - (8 + -2 + (1 - 1)).
4
Calculate -3 + 3 + -1 + (1 - 0).
0
Calculate -3 - (-1 + (1 - (4 + -2))).
-1
Calculate 4 - (2 + (-1 - 1)).
4
What is -4 - -11 - 12 - 1?
-6
Calculate -16 + 16 - (-3 + 2 - 1).
2
What is 0 + (9 - (-2 + 8 - 2))?
5
What is the value of -14 + 15 + 1 + 4 + -2?
4
What is the value of (0 - 4) + -19 + 28?
5
3 + -2 + (6 + 2 - -1)
10
What is the value of (-6 + 1 - 10) + 6 + 3?
-6
Calculate -3 - (4 - 1 - (22 + -17)).
-1
Evaluate 0 + -4 - (-1 - 3).
0
What is the value of (-10 - (-5 + 3)) + 4?
-4
What is the value of (2 - 5) + (5 - -3 - 5)?
0
2 + (-7 - -15) + (0 - 5)
5
Evaluate -12 + (-7 - -19 - -2) + -8.
-6
Evaluate (4 - 7) + 4 + 0 - -1.
2
What is 2 - (-9 - (1 + -3 + -2))?
7
-4 + -5 + 8 - -5
4
What is (-16 - -16) + (-5 - 0)?
-5
What is (3 - (4 + 5)) + 2?
-4
-1 - -9 - 7 - (2 - 6)
5
Evaluate 4 + 1 + -5 + (0 - -4).
4
Calculate (28 - 39) + (-1 - -5).
-7
What is the value of 0 - -2 - (4 + 1 - 5)?
2
Evaluate (11 - 3) + (2 - -1 - 7).
4
Evaluate (-1 - 0) + 0 + 119 + -123.
-5
-11 + 0 - (-125 - -105)
9
Calculate 32 - 35 - (-9 + 1).
5
What is the value of (1 - 3) + -3 + 2?
-3
Evaluate (2 - 6) + 6 + 2.
4
What is (-3 + -5 - 0) + (46 - 36)?
2
What is 6 + (1 - (5 + -2))?
4
Calculate 4 + (-18 - (1 + -2 + -5)).
-8
Calculate (1 - -2) + (17 - -2) + -22.
0
What is (-5 - 1) + (1 - 3)?
-8
What is the value of 4 + (-12 - (-6 - -1))?
-3
Calculate -11 - -12 - (10 - 1 - 3).
-5
Evaluate 5 + (5 + -3 - 6 - 5).
-4
-2 + -3 - ((2 - -2) + -4)
-5
What is the value of -4 + (-2 - (-3 - (-8 - -4)))?
-7
-6 + 1 + -10 + (1 - -9)
-5
Calculate 4 - (2 + 9) - -4.
-3
What is (5 + -9 - 1) + 11?
6
Evaluate 5 + -2 + -1 + -2.
0
7 - (-3 + 12) - -11
9
Calculate -21 + 6 - (2 + -13).
-4
What is -2 + 3 + (4 - 3)?
2
What is 6 + -12 + 6 + 1?
1
(2 - -1) + 5 + -4
4
Calculate 2 + (-4 - -3 - (1 - 5)).
5
Evaluate 15 + -10 + 10 - 6.
9
What is 2 - 3 - 2 - -8?
5
Evaluate (4 - (-7 + (-2 - 0))) + -6.
7
What is -1 - -1 - 0 - (109 - 109)?
0
Evaluate -2 + (7 - 2) + (-5 - 0).
-2
What is the value of 5 + (-3 - -5) + (1 - 11)?
-3
4 + 4 + -14 + -2 + 3
-5
What is (9 - 3) + (-15 - -2) + 4?
-3
Calculate 2 + -1 + -2 + -1.
-2
Calculate 34 + -42 + 1 + 1.
-6
What is 0 + -2 + 2 + (4 - 2)?
2
What is 11 + (7 - 10) - (4 + 0)?
4
What is -10 + 1 - (2 - 17)?
6
Calculate (-26 + 9 - -10) + 2 + 7.
2
What is the value of -20 - -12 - (3 + -3 + -2)?
-6
What is the value of (-5 + 7 - -1) + (4 - -1)?
8
Evaluate 0 - (5 - (-5 + 2 + 11)).
3
Evaluate (3 + -7 - -14) + -7.
3
2 + (-11 - 1 - -4 - -4)
-2
(-3 - (1 - 0)) + 2
-2
What is the value of -3 + 2 + -6 - (4 - 5)?
-6
What is the value of -5 + 0 + 3 + 6?
4
What is 4 + (2 - (6 - -2)) + -3?
-5
Evaluate 1 - ((-12 - -12) + 10).
-9
35 + -41 + -4 + 2
-8
Calculate 5 + (-9 - 3) + -2.
-9
Calculate 0 + (2 - (-3 - -3)).
2
Evaluate 8 + -8 + (-4 - -4) + -9.
-9
9 - (2 - 0 - -9)
-2
Evaluate -1 - -2 - ((3 - 5) + 4).
-1
Evaluate -2 - ((-1 - 1) + (5 - 2)).
-3
Evaluate (1 - (-11 - -8)) + -1 + -4.
-1
Calculate -4 + (-2 - (-3 + 4 - 3)).
-4
What is (8 - 4) + -1 + -1 + 3?
5
What is -11 - ((-14 - -9) + 0)?
-6
5 - (11 - (6 + 0))
0
What is the value of -3 + (-7 + 7 + 6 - 1)?
2
What is the value of 34 + -29 - (-1 - -2 - -1)?
3
Calculate -1 - (0 + -2 + 6).
-5
Evaluate -6 + -2 + (-3 - -7).
-4
Evaluate 3 + -1 - -8 - 3.
7
What is the value of 5 - (-1 + (-6 - -6))?
6
What is the value of (-1 - 0) + (1 - (7 - 0))?
-7
Calculate 16 + -9 - (1 + 1).
5
What is -2 - (-2 + (2 - 8))?
6
What is the value of 9 + 5 + (-14 - -6)?
6
Evaluate (3 - 1) + -3 + 1.
0
0 + (-2 - 5 - (8 + -10))
-5
Calculate 0 - (-2 - 0 - 1).
3
2 + -9 + 4 + 8
5
What is (-1 - 7) + 12 + -12 + -2?
-10
Evaluate (-7 - -11) + -11 - -3.
-4
What is (1 + 13 - 6) + -2 - 1?
5
Evaluate (2 - 2) + -4 + (18 - 16).
-2
What is (2 - -2) + 9 - 7?
6
Evaluate 8 - (3 + 0) - 2 - 6.
-3
Calculate -9 + 7 + -1 + -1.
-4
What is the value of (3 - (3 + -6)) + -66 + 63?
3
What is the value of (-2 + -1 - -3) + 3?
3
(-5 - -8) + -2 + 5 + -5
1
Calculate 2 - ((4 - 7) + (8 - 0)).
-3
What is (3 - 8) + (0 - 0 - -1)?
-4
What is -6 - (-2 + (-6 - -2))?
0
Evaluate (2 + (-2 - 0) - 0) + 3.
3
Evaluate 2 - (3 + -1 + -1).
1
What is -2 + 11 + 0 + -5?
4
Calculate -5 - ((14 - 22) + (2 - -1)).
0
What is -1 + 10 + (-10 - (-5 + 1))?
3
What is 7 + (9 - 1) + -9?
6
What is (4 - 15) + 7 + 0?
-4
Calculate -1 + 4 + 9 + -11.
1
What is the value of 15 - 21 - (-1 - 1)?
-4
Calculate 8 - 12 - (-10 - -1).
5
5 + 7 + -10 - 8
-6
What is -8 + 2 + (-3 - -5) + 3?
-1
Evaluate 0 - -7 - (-20 + 18).
9
Evaluate 8 - (7 + 7) - -14.
8
What is the value of -8 - -2 - (59 + -65)?
0
What is the value of -5 - (-17 + 9) - 9?
-6
Evaluate 1 + -3 - (0 + 3 - 5).
0
(5 - 10 - (-2 + 3)) + 10
4
Calculate -27 + (34 - 12) + 1 + -6.
-10
-10 + 3 - (-1 + -4)
-2
What is 2 + 2 + -3 + 3?
4
What is the value of (-1 - 2) + 6 + -1 + -7?
-5
What is the value of (-2 + 0 - 2) + (35 - 31)?
0
What is -8 + 12 + (1 - 5)?
0
Evaluate 5 + (5 - 3 - 3).
4
Evaluate 13 - 0 - (8 + 11).
-6
What is the value of 2 + 0 + 6 + 0 + -4?
4
What is -5 + (6 - (6 + -8))?
3
Evaluate (2 - (-8 + 2)) + -5 + 1.
4
(21 - 11) + (-11 + 1 - -3)
3
What is the value of (0 - 9) + -6 + 8 + 6?
-1
Calculate 2 + -1 - (-3 + 9 + -5).
0
What is (-5 - -8) + 2 - -2?
7
What is -4 - (3 - 2) - (-6 - -6)?
-5
Evaluate -7 - ((9 - 9) + -6).
-1
Evaluate 1 + -2 - (-11 - -5).
5
Evaluate -1 + 14 - (11 - (3 - -5)).
10
What is the value of 0 + 6 - (0 + 10 - 6)?
2
-9 + (10 - (0 + 8))
-7
-4 + (8 + -4 - (-1 - -2))
-1
24 + -19 + 0 + -1
4
Evaluate (-5 - 2) + (-2 - -5).
-4
2 + -5 + -14 + 18 - -3
4
Evaluate 4 + -10 + 7 + -8.
-7
Evaluate -1 + 0 + 2 + -1 + -1.
-1
Calculate -1 + -6 + 5 - -4.
2
What is 7 - ((-4 - 0) + 6)?
5
-4 + 3 + 8 + -3
4
Calculate (-3 - (-5 - -1)) + -1 - 5.
-5
Calculate -1 + (1 + -1 - -3).
2
What is 0 + -2 + 3 - (-14 - -11)?
4
What is the value of 6 + 4 + -8 - 0?
2
Evaluate (11 - 5) + -20 + 3 + 6.
-5
Evaluate 4 + (1 - (-7 + 10)).
2
Calculate -4 + (4 - (-8 - -5)).
3
What is the value of 23 + -11 + 0 + -2?
10
Evaluate (-5 - 4) + 2 + 4 + -1.
-4
What is the value of (2 - 1) + (-11 - -23) + -17?
-4
What is the value of 4 + (3 - -3 - 3) + -3?
4
Evaluate 0 - (-15 + (-2 - -11)).
6
(0 - 4) + 8 - 9
-5
What is -4 + -4 + 4 + 1 - -1?
-2
What is 2 + 0 + -1 + 0 + 0?
1
Calculate 1 + -5 + -2 + 7 - 4.
-3
Calculate -6 + -8 + 13 + -5.
-6
Evaluate 5 + (4 - 8 - 7) - -1.
-5
Calculate 5 - (9 + -7) - (0 - -2).
1
-1 + 2 + -7 + 4 + 2
0
What is the value of -1 - ((0 - -6) + 8 + -20)?
5
Calculate -11 + (-1 - -6) + 7.
1
What is the value of -10 + 10 - 1 - (1 + 0)?
-2
Calculate -40 + 35 - (-2 + 2).
-5
-6 - (-2 + -1 - 2)
-1
What is -10 + 0 + 10 + -5?
-5
Evaluate -1 + 2 + 2 - (-85 - -93).
-5
6 + (3 - (8 - -6)) - -4
-1
Evaluate 0 + 1 + -1 - 3.
-3
What is (-19 - -7) + 3 + -1 + 3?
-7
Evaluate (-4 - (-7 - 4)) + (-2 - -4).
9
Calculate 43 + -52 + 9 + -1.
-1
Evaluate -2 + -6 + -1 + 0 + 14.
5
2 - (-5 + 4 - -7) - -2
-2
Calculate 7 + -4 + (-1 - (-1 + 0)).
3
What is the value of (1 - 3) + (44 - 50)?
-8
What is the value of 1 + -14 + (6 - -2)?
-5
What is the value of 1 - -7 - (1 + 2)?
5
1 - (2 - (-3 - (3 + -2)))
-5
What is (-1 - -7) + (-6 - (-9 - -6))?
3
What is the value of -32 + 25 - (-1 + -9)?
3
What is -6 + (8 - 9) + 11?
4
(0 - -6 - 1) + (-192 - -195)
8
Calculate (0 + 2 + 4 - 16) + 4.
-6
Calculate -7 - (2 - (0 - -4)).
-5
What is the value of 0 + (-2 - (-12 - -12))?
-2
What is the value of (2 - 3) + (18 - 10 - 5)?
2
Evaluate -2 - (-2 - 3) - (-41 - -39).
5
Calculate (2 - (0 - -5)) + -1 - -3.
-1
(-3 - 0) + (0 - (1 + 0))
-4
What is (-1 - -2) + 1 - (11 - 6)?
-3
(0 + -3 - (0 + -7)) + -2
2
Calculate -10 - -3 - (9 - 14).
-2
What is the value of 1 + -3 + 2 + 3 + -3?
0
What is 3 - (1 + 1 + 4)?
-3
What is the value of (9 - (-5 - -10)) + -3 + 0?
1
Evaluate 8 + -11 + (0 - (-1 - 1)).
-1
What is 4 - (-1 + 4 + -4)?
5
What is the value of -10 + (-2 + -6 - -11)?
-7
Evaluate -28 + 29 + (2 - 7).
-4
-10 + 2 + 0 + 2
-6
-38 - -45 - (6 + 1)
0
Evaluate (2 - -2 - 8) + 7.
3
Evaluate 0 +